is the highest common factor of r and b?
18
Let d = -147 + 314. Let v = d - 147. Suppose g + 2 = 0, v = 4*k - g - 38. Calculate the greatest common factor of 266 and k.
14
Suppose 2*g = -g - 9. Let p be (-28)/g - (-1)/(-3). Let l be (30/2 - 2) + 20/(-5). Calculate the greatest common divisor of p and l.
9
Let v = -33769 - -54253. Calculate the greatest common divisor of v and 72.
36
Let h = 90 + -60. Suppose -22*s + 499 = 103. What is the greatest common divisor of h and s?
6
Let g(r) = -2*r**3 + 132*r**2 + 20*r + 24. Let h be g(66). Calculate the highest common factor of 420 and h.
84
Let l be ((4 - -31)/5 - -44)*3. Calculate the highest common divisor of 68 and l.
17
Let i = 781 + -673. Calculate the highest common divisor of i and 396.
36
Let q(c) = c**2 + 202*c - 2249. Let f be q(12). Calculate the greatest common divisor of 2088 and f.
29
Let m be ((-2505)/12)/(-5) + 4/16. Suppose -6 = 3*x + 12. Let b be (-1)/(-2) + (-165)/x. What is the greatest common factor of m and b?
14
Let v = -9131 - -9383. What is the greatest common factor of 308 and v?
28
Let j(v) = 63*v**2 - 5*v - 8. Let p be j(4). What is the highest common factor of p and 1372?
196
Let f(p) = -p**3 + 24*p**2 - 27*p - 13. Let j be f(22). Suppose 0 = -5*o + 15, o = -0*v + 4*v - 73. Calculate the highest common factor of v and j.
19
Let d be (-20)/30*(0 - 12) + -4. Suppose -5*g + 35 = -3*r, r + 13 = g + d. Calculate the highest common factor of 32 and g.
4
Let t(q) = -q**3 + 6*q**2 + 10*q - 17. Let r be t(7). Suppose z - 138 = -4*g, 2*z - r*g - 198 = 114. Calculate the highest common divisor of z and 6.
6
Let u = -9436 + 9454. What is the greatest common divisor of 330 and u?
6
Suppose 10*c - 8897 = 4493. What is the greatest common factor of 13 and c?
13
Suppose -5*g - 3*g = 16. Let c be (2 - (-48)/(-21))*42/g. Suppose p + 4*z = 4 - c, 3*p + 2*z - 24 = 0. What is the highest common factor of p and 70?
10
Suppose 596 = 3*n - 2*k - 25469, 4*n - 11*k - 34795 = 0. Calculate the greatest common divisor of n and 386.
193
Let n(z) = -37*z + 1380. Let v be n(35). Calculate the highest common divisor of 544 and v.
17
Let l be (38 - 27)*(-184)/(-44). What is the highest common divisor of l and 598?
46
Suppose 3*s - 19 = x, -s + x + 8 = 1. Suppose s*b - 558 = -3*b. Let w = b + -42. Calculate the greatest common factor of 5 and w.
5
Let d be (1/2)/((-2)/20). Let c be d/10 - (-97)/2. Suppose 18*v - 3162 + 2946 = 0. What is the greatest common factor of c and v?
12
Suppose -3*v + 222 = -345. Suppose 687 = -3*y + 870. Suppose 4*c = -5*j + 64, -y = -2*c + 4*j - 3. Calculate the greatest common divisor of c and v.
21
Let h be (80/(-10) + 31)/(3/27). Calculate the highest common divisor of h and 2162.
23
Let l = 3 - -13. Suppose 3*o = 3*b + 1072 + 401, o = -2*b + 506. What is the highest common factor of o and l?
16
Suppose 158*g - 77418 = -118*g + 69*g. Let z be 3/(-6)*88/(-2). Calculate the highest common factor of g and z.
22
Let i(m) = -10*m + 222. Let j be i(-17). What is the greatest common divisor of 21 and j?
7
Suppose -4*m = 5*a - a + 1992, 3*m - 2*a + 1469 = 0. Let v = m - -925. Calculate the greatest common divisor of v and 54.
54
Let u(i) = 3*i**3 - 39*i**2 + 12*i + 33. Let d be u(13). Calculate the highest common factor of d and 7.
7
Let u(t) = -12*t + 4. Let h be u(-4). Let r be (15/(-6) + (342/(-12))/(-19))*-364. What is the greatest common divisor of h and r?
52
Let l(a) = 416*a + 10198. Let t be l(-19). What is the highest common factor of 806 and t?
62
Suppose 2*s - j = 6 - 0, -4*s = -3*j - 14. Suppose 4*i - 12 = -4*k, 38*i - 18 = -2*k + 42*i. Calculate the greatest common factor of s and k.
1
Suppose 8 = 4*w - 2*q, 8*w + q - 16 = 5*w. Let p be (8 - w) + 0 + 7. What is the greatest common divisor of 55 and p?
11
Let y be (-7722)/(-162)*(2 - 10)*-30. Calculate the greatest common factor of 264 and y.
88
Suppose 3*r + 339 = 2*m, -26*r + 31*r = 3*m - 511. What is the greatest common divisor of m and 3078?
162
Let j be -3*2/8 + (-3)/(-4). Let l be 1/(-3) + j + (-1266)/(-18). Calculate the greatest common factor of 30 and l.
10
Let v(a) = 18*a + 33. Let u be v(8). Let j = u - 158. Suppose 6*m - 114 = 3*m. What is the highest common divisor of m and j?
19
Suppose 0 = 3*o + 15, -43 = -32*r + 29*r + 2*o. What is the highest common divisor of r and 8173?
11
Let l(w) = 2*w - 16. Suppose 2 = -4*s + 14. Let g(j) = -j**3 + 4*j**2 + 7. Let a be g(s). Let v be l(a). Calculate the greatest common divisor of 40 and v.
8
Let k = -146 + 133. Let y be 1*k/(1/(3 + -4)). Calculate the greatest common factor of 13 and y.
13
Let b be (42 - -2*1) + 56/28. Suppose -b - 266 = -2*s. What is the greatest common divisor of s and 24?
12
Suppose 64*l = 16738 + 19264 + 2270. What is the greatest common divisor of l and 65?
13
Let f be 21 - -4 - (-6 - -3). Let o = 1234 + -912. Calculate the greatest common divisor of f and o.
14
Suppose -1295 = -16*i - 383. Let c = -23 + 118. Calculate the highest common factor of i and c.
19
Suppose 0 = 2*u - 4*c - 50, -4*u = 2*c + 2*c - 88. Suppose 19 = 2*y - u. Let z be ((-224)/y)/((-2)/9). Calculate the highest common factor of 64 and z.
16
Let u(v) = -v**3 + 7*v**2 + 81*v + 103. Let b be u(11). Calculate the greatest common factor of 45 and b.
15
Let b be (24/(-5))/((-10)/300). Let s = b + -88. Calculate the greatest common factor of 14 and s.
14
Let c(b) = 24*b + 240. Let y be c(-5). Calculate the greatest common factor of 2120 and y.
40
Let l be (-3)/12*(-32)/(2 + 2). Suppose 5*m - 52 = 4*i, -27*i - 28 = -l*m - 29*i. Calculate the greatest common divisor of 8 and m.
4
Let b = 35 + -59. Let f = b - -25. Let l be (-40)/6*((-106)/10 + f). What is the highest common factor of l and 4?
4
Let s(r) = -195*r - 26489. Let u be s(-136). Let o(n) = 6*n**2 + 2*n + 5. Let v be o(-4). Calculate the greatest common divisor of v and u.
31
Suppose u = 4*f - 89, f - 28 = -2*u + 1. What is the greatest common factor of 368 and f?
23
Suppose 89 = 7*k + 19. Let t(c) = 5*c - 123. Let j be t(27). What is the greatest common divisor of j and k?
2
Let w = -1676 + 2172. What is the greatest common divisor of w and 279?
31
Let u(i) = i**2 - 117*i + 3048. Let y be u(34). Calculate the highest common divisor of 10 and y.
2
Suppose 0 = 59*y - 65*y - 1008. Let g be -2 + y/(-6) - -6. What is the greatest common divisor of 32 and g?
32
Suppose -2*o + 5*h = -15399, 5*o = 2*h + 25547 + 13045. What is the highest common factor of 1638 and o?
234
Let g = -52 - -76. Suppose -2*i + 0*i = -4*h - 74, 58 = 2*i + 4*h. Suppose 0 = -5*l + i + 47. What is the greatest common divisor of g and l?
8
Suppose 3487 = m - 2*n - 3*n, -2*m + 6965 = -n. Suppose 4*v - 3*g + 8*g = m, -v + 2*g + 864 = 0. Calculate the highest common divisor of v and 31.
31
Let g(r) = 25*r**2 - 112*r - 52. Let n be g(28). What is the highest common divisor of n and 88?
44
Suppose -3*u = t - 107, 4*u + 0*u + 4*t - 140 = 0. Suppose -120*p - 215 = -115*p. Let x be p/129 + (-973)/(-3). Calculate the greatest common factor of u and x.
36
Let r(j) = 93*j**2 + 1239*j + 18. Let s be r(-15). Calculate the highest common divisor of s and 18.
18
Suppose 0 = -2*h + 45 + 21. Let x = h + -13. Let j be (x - (3 - 3))/2. What is the highest common factor of j and 40?
10
Let f be 2/5 - (2 - 68/5). Suppose 14*j - 98 = f*j. What is the highest common divisor of 14 and j?
7
Let z(d) = -1448*d + 3. Suppose 0 = -2*q + 13 - 17. Let c be z(q). Suppose -10*t + c - 149 = 0. Calculate the greatest common divisor of 25 and t.
25
Suppose 51*b - 49*b = -3*f + 606, f - 923 = -3*b. Calculate the highest common factor of 206 and b.
103
Suppose 0 = 492*y - 477*y - 183120. Calculate the highest common factor of y and 112.
112
Let c(t) = 37*t + 560. Let i be c(-15). Suppose -2*l - 5*a = -14, 3*l + 5*a = 7*a - 17. Let f = 5 + l. What is the highest common factor of f and i?
1
Let y(z) = 418*z - 1651. Let d be y(4). Calculate the highest common divisor of d and 1599.
3
Let q = -7025 + 7045. Suppose c = -b + 225, 3*c - 2*c - 5*b - 195 = 0. What is the highest common divisor of c and q?
20
Let m(l) = -8*l**2 - 7*l - 4. Let a be m(-3). Let y = -41 - a. What is the greatest common factor of 126 and y?
14
Let q = 8812 - 8786. What is the highest common divisor of 16042 and q?
26
Suppo